
Is 4670 a multiple of 13?
False
Is 1962 a multiple of 10?
False
Is 17 a factor of 755?
False
Is 37 a factor of 48285?
True
Is 99 a factor of 13860?
True
Is 6 a factor of 35293?
False
Is 725 a multiple of 29?
True
Does 63 divide 41517?
True
Is 242 a factor of 60984?
True
Is 308 a multiple of 41?
False
Is 18525 a multiple of 221?
False
Is 35 even?
False
Does 56 divide 32760?
True
Is 127 a factor of 13843?
True
Is 16761 a multiple of 7?
False
Is 256 a multiple of 2?
True
Does 146 divide 17521?
False
Is 61 a factor of 55337?
False
Is 21 a factor of 5934?
False
Is 203 a factor of 72650?
False
Is 5 a multiple of 2?
False
Does 87 divide 4002?
True
Is 2410 a multiple of 4?
False
Does 28 divide 3849?
False
Does 100 divide 4233?
False
Is 42324 a multiple of 63?
False
Is 9169 a multiple of 68?
False
Does 24 divide 2806?
False
Is 38 a factor of 455?
False
Is 17 a factor of 663?
True
Is 17 a factor of 311?
False
Is 3248 a multiple of 3?
False
Does 23 divide 598?
True
Is 7 a factor of 777?
True
Is 17034 a multiple of 51?
True
Is 44 a factor of 761?
False
Does 9 divide 57465?
True
Is 32 a factor of 1792?
True
Does 23 divide 11363?
False
Does 8 divide 288?
True
Is 8 a factor of 373?
False
Is 23 a factor of 6601?
True
Does 12 divide 336?
True
Is 39 a factor of 821?
False
Is 18 a factor of 103570?
False
Is 165 a factor of 71264?
False
Does 152 divide 9398?
False
Does 85 divide 1371?
False
Is 267 a factor of 35638?
False
Is 9 a factor of 150273?
True
Does 32 divide 9481?
False
Does 33 divide 561?
True
Does 133 divide 3876?
False
Does 47 divide 1713?
False
Is 3178 a multiple of 80?
False
Does 22 divide 1543?
False
Is 570 a multiple of 9?
False
Is 109 a factor of 38150?
True
Does 13 divide 14533?
False
Is 18 a factor of 252?
True
Is 13420 a multiple of 92?
False
Is 1540 a multiple of 385?
True
Does 16 divide 3424?
True
Is 76682 a multiple of 28?
False
Does 16 divide 24753?
False
Does 20 divide 1552?
False
Is 1547 a multiple of 68?
False
Does 122 divide 17080?
True
Is 12672 a multiple of 3?
True
Is 35 a factor of 2275?
True
Is 70320 a multiple of 30?
True
Does 69 divide 14461?
False
Is 74 a factor of 62335?
False
Is 30 a factor of 4320?
True
Does 70 divide 210?
True
Does 22 divide 196?
False
Is 2134 a multiple of 11?
True
Is 185 a multiple of 7?
False
Is 13066 a multiple of 139?
True
Is 58 a factor of 37178?
True
Does 163 divide 6826?
False
Is 50 a factor of 7900?
True
Is 19 a factor of 589?
True
Is 50 a factor of 150?
True
Is 28804 a multiple of 147?
False
Does 25 divide 514?
False
Is 216 a factor of 19872?
True
Is 111 a factor of 2664?
True
Is 3 a factor of 56?
False
Does 20 divide 1580?
True
Is 14732 a multiple of 19?
False
Is 8 a factor of 375?
False
Is 225 a multiple of 5?
True
Does 14 divide 3282?
False
Is 19 a factor of 65?
False
Is 196 even?
True
Is 124 a factor of 2108?
True
Does 12 divide 351?
False
Is 1240 even?
True
Is 6837 a multiple of 43?
True
Is 334 a multiple of 43?
False
Does 41 divide 4715?
True
Is 31655 a multiple of 13?
True
Is 263 a factor of 49444?
True
Is 5 a factor of 2462?
False
Is 2744 a multiple of 8?
True
Is 2 a factor of 2527?
False
Does 14 divide 1140?
False
Is 5 a factor of 536?
False
Is 1105 a multiple of 22?
False
Is 610 a multiple of 3?
False
Does 15 divide 6405?
True
Does 14 divide 986?
False
Is 253 a multiple of 9?
False
Is 132 a factor of 82764?
True
Is 7779 a multiple of 93?
False
Does 72 divide 3864?
False
Is 79 a factor of 15800?
True
Is 60 a factor of 2520?
True
Is 28 a factor of 44688?
True
Is 1419 a multiple of 11?
True
Is 1580 a multiple of 8?
False
Is 28 a factor of 13200?
False
Does 10 divide 41700?
True
Does 66 divide 6864?
True
Is 1782 a multiple of 66?
True
Is 7 a factor of 2523?
False
Does 45 divide 51075?
True
Is 20 a factor of 4843?
False
Is 59 a factor of 80411?
False
Does 36 divide 18229?
False
Is 98 a factor of 11253?
False
Does 14 divide 658?
True
Is 102 a factor of 1483?
False
Does 37 divide 555?
True
Is 51 a factor of 12175?
False
Is 19 a factor of 502?
False
Is 25 a factor of 17375?
True
Is 10 a multiple of 10?
True
Does 41 divide 5752?
False
Is 1087 a multiple of 12?
False
Is 12605 a multiple of 14?
False
Is 114 even?
True
Does 213 divide 48965?
False
Is 162 a factor of 5572?
False
Is 31 a factor of 2232?
True
Is 4393 a multiple of 15?
False
Is 17 a factor of 102?
True
Does 25 divide 30102?
False
Does 328 divide 21320?
True
Is 1822 a multiple of 19?
False
Is 2235 a multiple of 15?
True
Is 3 a factor of 51?
True
Is 13756 a multiple of 19?
True
Is 17 a factor of 15249?
True
Is 3 a factor of 1629?
True
Is 1445 a multiple of 10?
False
Does 19 divide 3468?
False
Is 29 a factor of 892?
False
Does 19 divide 8759?
True
Is 38 a factor of 3420?
True
Does 4 divide 17831?
False
Is 4 a factor of 18287?
False
Is 6 a factor of 3375?
False
Is 3124 a multiple of 44?
True
Is 161 even?
False
Does 15 divide 3098?
False
Does 24 divide 12886?
False
Is 39 a multiple of 13?
True
Is 16 a factor of 2704?
True
Does 22 divide 11286?
True
Is 962 a multiple of 30?
False
Is 6 a factor of 168?
True
Is 39 a factor of 3471?
True
Does 14 divide 23800?
True
Is 48 a factor of 53955?
False
Is 51666 a multiple of 79?
True
Does 4 divide 7226?
False
Is 102 a factor of 10247?
False
Is 2 a factor of 1818?
True
Is 320 a multiple of 40?
True
Does 40 divide 1605?
False
Does 23 divide 897?
True
Is 4217 a multiple of 12?
False
Is 6554 a multiple of 8?
False
Does 49 divide 9555?
True
Does 10 divide 14540?
True
Is 152 a multiple of 19?
True
Does 93 divide 1023?
True
Does 2 divide 132?
True
Is 46528 a multiple of 52?
False
Is 1850 a multiple of 37?
True
Is 45 a factor of 7155?
True
Is 33545 a multiple of 14?
False
Is 46 a factor of 107978?
False
Is 1052 a multiple of 48?
False
Is 31 a factor of 744?
True
Does 168 divide 2497?
False
Is 23646 a multiple of 53?
False
Is 260 a multiple of 3?
False
Is 1829 a multiple of 20?
False
Does 60 divide 900?
True
Is 17 a factor of 1867?
False
Does 13 divide 526?
False
Does 3 divide 606?
True
Is 458 even?
True
Is 16108 a multiple of 12?
False
Is 7700 a multiple of 70?
True
Is 3 a factor of 678?
True
Is 5992 a multiple of 28?
True
Is 5882 a multiple of 112?
False
Is 45 a factor of 360?
True
Is 71 a factor of 1571?
False
Is 5844 a multiple of 7?
False
Does 6 divide 5046?
True
Is 30 a factor of 840?
True
Is 21 a factor of 430?
False
Is 6281 a multiple of 25?
False
Does 18 divide 5634?
True
Is 4 a factor of 27?
False
Is 3 a factor of 15687?
True
Is 84 even?
True
Is 891 a multiple of 33?
True
Is 52611 a multiple of 19?
True
Is 1143 a multiple of 3?
True
Is 13310 a multiple of 55?
True
Is 304 a multiple of 38?
True
Does 51 divide 2091?
True
Is 96071 a multiple of 22?
False
Is 5355 a multiple of 153?
True
Does 9 divide 581?
False
Does 35 divide 595?
True
Is 11050 a multiple of 17?
True
Is 363 a factor of 29195?
False
Does 8 divide 72?
True
Is 2390 a multiple of 13?
False
Is 363 a factor of 19218?
False
Is 795 a multiple of 53?
True
Is 17 a factor of 544?
True
Is 358 a multiple of 7?
False
Does 2 divide 75?
False
Is 1080 a multiple of 45?
True
Does 38 divide 1900?
True
Does 28 divide 18455?
False
Does 15 divide 18659?
False
Is 15 a factor of 29821?
False
Is 99635 a multiple of 10?
False
Is 781 even?
False
Is 3 a factor of 9705?
True
Does 20 divide 18950?
False
Is 11 a factor of 21?
False
Is 19 a factor of 4511?
False
Does 9 divide 279?
True
Is 80 a multiple of 2?
True
Is 3336 a multiple of 25?
False
Is 6 a factor of 150?
True
Does 10 divide 32985?
False
Is 10 a factor of 8682?
False
Is 5871 a multiple of 19?
True
Does 23 divide 6693?
True
Is 3 a factor of 60?
True
Is 1124 a multiple of 20?
False
Is 35917 a multiple of 37?
False
Does 6 divide 10964?
False
Does 18 divide 252?
True
Is 37 a factor of 26418?
True
Does 30 divide 25260?
True
Is 90852 a multiple of 102?
False
Is 1564 a multiple of 17?
True
Does 7 divide 2730?
True
Is 22 a factor of 66?
True
Does 4 divide 1778?
False
Is 14 a factor of 1036?
True
Is 4284 a multiple of 34?
True
Does 14 divide 56?
True
Does 89 divide 27946?
True
Is 3850 a multiple of 50?
True
Does 47 divide 1149?
False
Is 3439 a multiple of 19?
True
Does 9 divide 36538?
False
Is 50 a factor of 16950?
True
Is 80 a factor of 24524?
False
Does 383 divide 18384?
True
Is 526 a multiple of 75?
False
Is 20 